 v(s) = -1383*s + 1474. Is v(-21) a composite number?
False
Suppose 3*d = 5*d - v - 32, -d - 4*v = -16. Suppose -d*n + 29558 = -26426. Is n composite?
False
Let j(p) = 9002*p - 1393. Is j(33) a prime number?
False
Suppose -5*r = -0*k - 5*k + 12580, 2*k - 3*r - 5030 = 0. Suppose 0 = 3*j - 3*l, -4*j - 2*l - l = 0. Suppose 0 = -j*q + 2*q - k. Is q a prime number?
True
Suppose 21*h - 160215 = 300294. Is h composite?
False
Suppose -3*g + f = -7753, 0*g + f = g - 2581. Let m = -391 + g. Is m a composite number?
True
Suppose 2*b - 3*z - 3754 - 853 = 0, 5*z - 11505 = -5*b. Is b prime?
False
Is 3*17/(-204)*-794804 a prime number?
True
Suppose -5*g + 16 + 4 = 0. Suppose -g*o + 24 = 2*f - 30, -2*o + 3*f = -15. Let b(i) = -i**3 + 16*i**2 - 15*i + 7. Is b(o) a prime number?
False
Is (9603162/198)/((-5)/(-55)) a prime number?
True
Suppose -2*i + 22773 + 6719 = 4*n, -n = 6*i - 88432. Is i composite?
True
Suppose -5*c - 137*b + 135*b = -1249379, -2*b = -5*c + 1249391. Is c prime?
False
Let d = 14 - 4. Let v(f) be the second derivative of 13*f**3/2 + 7*f**2/2 - 555*f. Is v(d) a prime number?
True
Let w be ((-57)/4)/(-1 + 5/4). Let p = 57 + w. Suppose p = 5*j - 1965 - 4250. Is j a prime number?
False
Let n(f) = -9 - 9*f + 0*f**3 + 5*f**3 + 12*f**2 - 4*f**3. Let l be 88/(-8 - 0) + 0. Is n(l) a prime number?
True
Suppose 3*a + 67 - 64 = 0. Let b be a/1*(5 + -3)*-1. Suppose -b*h = -5*h + 3651. Is h composite?
False
Is 14/49 + 10370337/7 a composite number?
False
Let y be (-164)/(-10) - 2*5/25. Let p = y - -39. Is (7796/(-10))/((-22)/p) a composite number?
False
Let x(h) = 6*h - 19. Suppose -18 = 7*n - 13*n. Let v be x(n). Is 5 + (-2 - v) - -411 prime?
False
Suppose -47 = 3*w - 74. Suppose 0 = -22*a + w*a. Suppose a = -4*s - s + 15815. Is s a prime number?
True
Let q = -125 - -125. Suppose -5*a + 8378 - 1903 = q. Suppose a = 5*u + 2*v + 2*v, 3*u = v + 794. Is u a composite number?
False
Let f be ((-4)/8*0)/((-5)/5). Suppose f = n + 166*z - 164*z - 11293, 0 = -4*n + 2*z + 45162. Is n composite?
True
Let o be (168/105)/(2/(-1135)). Let l = -423 - o. Is l a composite number?
True
Let v = 30654 + -17155. Is v a composite number?
False
Suppose 12 - 12 = 3*u. Suppose -2*s + 6*s - 8 = u. Let o(x) = 477*x + 1. Is o(s) a prime number?
False
Let y be -4 + 108/26 - 132/13. Let m(x) = -51*x**3 + x**2 - 8*x - 106. Is m(y) a prime number?
False
Suppose 3*o + 14*i = 10*i + 81053, -108039 = -4*o + i. Is o composite?
False
Let p(s) = s**3 + 4*s**2 + 2*s - 23. Let k be p(-4). Let i(h) = h**2 + 10*h + 92. Is i(k) composite?
False
Suppose 2*k - k - 5 = 0. Let v(y) = 39*y**2 + 31*y + 201. Let f be v(-7). Suppose 4*c = k*x - f, x + 6*c - 379 = 3*c. Is x a composite number?
False
Is 14036 + -5 + 660/33 a prime number?
True
Suppose -4*i + 5*l + 165181 = 10*l, 0 = 3*i + 5*l - 123882. Is i prime?
True
Let l(a) = -a**3 - a**2 - 2*a + 1836. Let b = 58 + -58. Let d be l(b). Let u = d + 133. Is u a composite number?
True
Let i(t) = -2*t**3 - 21*t**2 - 10*t + 2. Let o be i(-10). Suppose -3*v + 6605 = -4*w, o*v - w + 6610 = 5*v. Is v composite?
False
Let y be ((-187)/(-44))/(3/36). Suppose -60*h = -y*h - 50751. Is h composite?
False
Let q = 28345 + -14403. Is q a prime number?
False
Let j = 62 - 63. Let n(u) = -397*u - 2. Let a(g) = -1192*g - 5. Let z(l) = -2*a(l) + 7*n(l). Is z(j) a composite number?
True
Suppose 7*s + 2876916 = 36*s. Suppose -s = 11*r - 23*r. Is r a prime number?
False
Let z = 9475 - -40252. Is z prime?
True
Let y = 152682 + -96713. Is y a composite number?
True
Suppose -16580 = -5*u - 5*h, 21*u = 19*u + 5*h + 6618. Is u prime?
False
Suppose -5*b = -7*b + 6832. Let s = b - 1905. Is s a prime number?
True
Suppose -3*u + t = -4*t - 39, 4*u + 2*t - 52 = 0. Suppose 0 = b - u + 10. Suppose -5*a - 66 = -n - 2, -2*a = b*n - 277. Is n composite?
False
Let q(m) = -m**2 - 10*m - 20. Let l be q(6). Is 1 + 29/(l/(-4344)) composite?
False
Let h be (-14)/(-4)*(-80)/(-56). Suppose 2*b = h*s - 4685, 5*s - 2*b = 8*s - 2827. Is s a composite number?
True
Is (64973/5)/(378/(-35) - -11) prime?
False
Is (-22)/(5 + (-11304)/2259) - -9 a composite number?
False
Suppose -64*h = 105*h - 60*h - 23021563. Is h a composite number?
True
Suppose -47*d = 49*d - 18*d - 19071078. Is d prime?
False
Suppose 7*y + 591 + 277 = 0. Let m = 174 - y. Is m composite?
True
Let l(h) = -31*h + 21. Let x be l(-4). Let f = -60 + x. Is f composite?
True
Let a(i) = 69*i**2 - 42*i + 106. Is a(27) a composite number?
True
Suppose 5*c + 2*p = 80, -4*p = -0*c + 5*c - 70. Suppose -c*o + 2*h = -13*o - 7527, 0 = -5*o - h + 7539. Is o composite?
True
Suppose -4*g + 5*d = 28, -4*d + 8 = -2*g - 0*d. Let u(h) = 13*h + 0 - 11 - 6 - 7*h**2 + 9*h**2. Is u(g) a composite number?
True
Let d be (0 + -4)/2 - (-16577)/11. Let k = d + 941. Is k composite?
True
Let q be -15570*(12/32)/(3/(-36)). Suppose -27*x = -66636 - q. Is x a prime number?
False
Let l(k) = -k**3 - k**2 + 3*k + 4. Let z be l(-2). Suppose -3*v = 0, z*v - 768 - 412 = -4*q. Is q composite?
True
Is 166078728/96 - (-6)/24 a composite number?
True
Suppose 4*n = 4*x + 12 - 28, 5*n + 8 = -x. Suppose x*u = -4 + 8. Suppose 2*r - 20582 = -2*r + 2*s, -10282 = -u*r + 4*s. Is r a composite number?
False
Suppose 4*u = -w + 6, -3*w + 2 = -4*u - 8*w. Suppose -5*b - 3*f = 2*f - 4130, 0 = -u*b - f + 1656. Let g = 1417 - b. Is g composite?
False
Suppose -3*s - 14132 = -d + 28574, -128078 = -3*d + s. Is d a prime number?
False
Let f be 6/(-6) + (-3)/(-3)*5. Let o(p) = 32*p**3 - 4*p**2 + 2*p + 13. Is o(f) a prime number?
False
Let s(y) = -474075*y + 1784. Is s(-1) prime?
True
Let n = 597 - 410. Let g be (0/(-1))/(42/(-3) + 7). Suppose g*v - v + n = 0. Is v composite?
True
Suppose 2*m + 55 = 10091. Suppose -5*z = -2*j - m, -z - 2*j + j = -998. Suppose 733 + z = c. Is c a composite number?
True
Suppose 63*u = -19375 + 75634. Let i = -406 + u. Is i a prime number?
True
Suppose 2*g + 4*q = 26, -3 = -4*g + q + 13. Suppose -g*h - 508 = 47. Is 367/3 - 0 - (-148)/h composite?
True
Suppose -9*o + 8*o + 6585 = 0. Suppose 5*h + 5*k - o = 0, -4*k + 4 = -6*k. Is h a composite number?
False
Let a be (8/10)/(-9 - (-4437)/495). Is (-2 + 24)/((-4)/a) prime?
False
Let t(r) = -10*r**3 + 2*r**2 - 11*r - 12. Let m be 150/(-21) + (16/(-28))/(-4). Is t(m) a composite number?
False
Suppose 0 = y - 5*w + 7*w - 1689, -2*y = 3*w - 3374. Is y/9 - (-6)/27 composite?
True
Let r(q) = 5*q**2 + 14*q - 18. Let t(y) = -3*y**3 + 12*y**2 - 6*y + 4. Let p be t(3). Is r(p) a composite number?
False
Let l = 137 - 145. Let j(y) = -52*y - 39. Let r(c) = -260*c - 193. Let w(u) = 11*j(u) - 2*r(u). Is w(l) a prime number?
True
Let r = 4708 + 2483. Let c = 13310 - r. Is c composite?
True
Let z(h) = -1667*h - 18633. Is z(-22) a prime number?
True
Let z = -126 + 129. Suppose z*o - 77 = -9*n + 4*n, -o = -n + 9. Suppose -n*k + 11*k + 818 = 0. Is k composite?
False
Let m(b) = 7 + 3*b**2 - 5*b**2 + 0*b + 271*b**3 + b + 2 - 10. Is m(2) a composite number?
False
Let y(h) = h + 22. Let z be y(-6). Let j = z - -117. Is j a prime number?
False
Suppose 0 = -c - 13*x + 58241, x = -4*c + 37231 + 195529. Is c a prime number?
True
Let k(h) = 2*h**3 + 25*h**2 - 15*h - 29. Let l be k(-13). Let d be 42/16 - l/8. Suppose -d*n = a - 4*a + 3525, -5847 = -5*a - 2*n. Is a a composite number?
False
Is 144/(-432) + -44*(-272)/3 prime?
True
Let d(u) be the third derivative of 5*u**4/24 + 11*u**3/2 - 8*u**2. Let r be d(-6). Suppose r*i + 2757 = 6*i. Is i a composite number?
False
Suppose -21937 - 38490 = -4*w + 3*q, -2*w = 2*q - 30210. Suppose 5*h - 3431 = -d, -2*h = 5*d - 2026 - w. Suppose -2*y + d - 356 = 0. Is y prime?
False
Let w = -360242 - -664075. Is (w/174)/((-2)/(-12)) composite?
False
Suppose -310*a + 197*a + 33555808 + 1566513 = 0. Is a a composite number?
True
Let w be (-4 + 32/6)/(1/(-72)). Let l = w - -133. Is l a prime number?
True
Let f(s) = 8853*s + 730. Is f(19) composite?
False
Let x = -65 + 59. Let a be ((-10)/x)/((-10)/(-6)). Is 1353 + -2 + (5 - a) a prime number?
False
Let l(g) = 99*g**3 - 12*g**2 + 64*g + 2. Let z be (4 - -7) + -7 - -5. Is l(z) a prime number?
True
Let u(g) = 8*g**2 + g + 26. Let m be u(-4). Suppose -m*k + 3314 = -148*k. Is k a composite number?
False
Suppose 0 = 4*a - k + 2837 - 10236, -4*a = -3*k - 7389. Suppose 2*y = t - 59